+ 7. Let t be s(z). Calculate the remainder when 23 is divided by t/(-9) - 520/(-90).
5
What is the remainder when (199/1)/(((-66)/6)/(-11)) is divided by 15?
4
Suppose 0 = -3*a + 4*a - 15. Suppose -a*t = -12*t - 276. What is the remainder when t is divided by 19?
16
Suppose k - 3*r - 82 = 0, -40*k + 442 = -35*k + r. Calculate the remainder when k is divided by 15.
13
Let n = -110 + 136. What is the remainder when n is divided by 14?
12
Let z(x) = -x**3 + 3*x**2 + x + 3. Suppose -2*a = -4*q + 2 + 2, -3*a = q + 13. Calculate the remainder when (a/3)/(128/66 - 2) is divided by z(3).
4
Suppose 7632 = 22*w - 6*w. What is the remainder when w is divided by 24?
21
Let m = -4 - -8. Let i(p) = p. Let x be i(m). Suppose -a - 60 = -x*a. Calculate the remainder when 78 is divided by a.
18
Suppose 0 = 6*d - 85*d + 6004. Calculate the remainder when d is divided by 44.
32
Let n(h) = h + 5. Let a be n(-2). Suppose 114 = 3*u - 5*m, 4*u + a*m + 76 = 6*u. Let z = u + -1. What is the remainder when z is divided by 10?
7
Let k(y) = -11*y + 1. Let q be k(-5). Suppose -w + 5*t = -23, 3*t = 2*w - 2*t - q. Suppose 0 = -p - 2 + 14. What is the remainder when w is divided by p?
9
Suppose -3*g = 5*o - 81 - 298, -4*o = -4*g - 316. Calculate the remainder when 231 is divided by o.
0
Suppose -5*b = -4*b - 3. Suppose 0 = 2*k + 10, 5*k + 46 = 6*p - b*p. Suppose p*m - 2*m - 85 = 0. What is the remainder when 83 is divided by m?
15
Let l(m) = -20*m - 6 - 12*m + 20*m - 3*m**2. Calculate the remainder when l(-3) is divided by 2.
1
Suppose 4*p = -4*j + 24, p + 3 = j - 11. Let f(r) = 2*r**2 - 2*r - 21. What is the remainder when j is divided by f(4)?
1
Let n(i) = -i**3 + 16*i**2 - 10*i - 15. Let x be n(15). Calculate the remainder when (x/(-8) + -1)*-12 is divided by 35.
32
Suppose -g = -26 - 11. Let r(b) = b**3 - 15*b**2 + 29*b - 16. What is the remainder when g is divided by r(13)?
14
Let p be ((-5)/(-2)*-2)/(-1). Suppose p*m = -2*z + 16, z = -4*m + 13 - 2. Let o(t) = 3*t**2 - t + 2. What is the remainder when 45 is divided by o(m)?
9
Let i(s) be the second derivative of 17*s**3/6 + 10*s**2 - 30*s. Calculate the remainder when i(9) is divided by 35.
33
Let z = 20 + -17. Let x(a) = 5 - a**3 - 6*a - 8*a**2 + 3*a**3 - a**3 - z*a. What is the remainder when 19 is divided by x(9)?
4
Let d = -272 - -288. Calculate the remainder when 76 is divided by d.
12
What is the remainder when 77/3 + (-4)/6 is divided by (18/10)/((-178)/(-890))?
7
What is the remainder when 49 is divided by (-2688)/(-90) - (56/30 - 2)?
19
Let o be (-8)/10*130/(-4). Suppose -o = w + w. Let c = w + 21. Calculate the remainder when 31 is divided by c.
7
Let x = 154 - 86. Let w = x - 46. Calculate the remainder when w is divided by 6.
4
Let w = -125 + 249. Let q(i) = 5*i**2 + 4*i - 7. Calculate the remainder when w is divided by q(2).
19
Suppose -6*q = -5*q - 6. Suppose -3 = -3*s - q. Calculate the remainder when 21 is divided by s + (0/2 - -7).
3
Let p be 1/4 - (-105)/28. Suppose -5*t + p*h - 58 = -164, 38 = 3*t + 4*h. Calculate the remainder when 47 is divided by t.
11
Suppose 5*a - g = -5*g + 140, 4*a - 5*g = 153. What is the remainder when 276 is divided by a?
20
Suppose 30*o - 1489 = 281. Calculate the remainder when 190 is divided by o.
13
Let w = 2318 + -2111. Calculate the remainder when w is divided by 34.
3
Suppose 10 = 3*q - 26. Suppose 3*t + 6 = 3*h, -17*t + 21*t = -4*h + 48. Calculate the remainder when q is divided by h.
5
Let k(s) = s**3 + 6*s**2 - 18*s + 4. What is the remainder when 122 is divided by k(3)?
29
Let g(i) = -3*i - 38. What is the remainder when 126 is divided by g(-32)?
10
Suppose -4*w + 5*r + 279 = 0, w + w = r + 135. Let b be 0/(4*(-3)/6) + 3. What is the remainder when w is divided by (-2)/b*(-2 + (-94)/4)?
15
Suppose -8*x = -1653 + 221. What is the remainder when x is divided by 15?
14
What is the remainder when 6/9 + (-10387)/(-39) + -4 is divided by 53?
51
What is the remainder when 86 is divided by 19 - 6/(-8)*80/(-12)?
2
Let p(x) = -63*x + 224. What is the remainder when p(3) is divided by 6?
5
Calculate the remainder when (2 - 0) + -1 - 3498/(-53) is divided by 34.
33
Suppose 0 = 4*x - 5*p - 422 + 110, 316 = 4*x - 4*p. What is the remainder when x is divided by 28?
27
Let d(s) = 8*s + 255. What is the remainder when d(-31) is divided by -1*1*(-6 + 2)?
3
Let g(v) = -v**2 - 36*v - 58. Calculate the remainder when 298 is divided by g(-34).
8
Calculate the remainder when 131 is divided by 4/(-7) + (612/42 - -5).
17
Let f = 19 - 19. Suppose -i = -0*o + 2*o - 7, f = -5*i - 25. What is the remainder when o is divided by 4?
2
Suppose 0*c = 6*c. Suppose c = -2*o - 2*o + 244. Calculate the remainder when o is divided by 13.
9
Let d(z) = 22*z - 13. Suppose 2*j = k + 34, -j + 65 = 2*j + 2*k. What is the remainder when d(3) is divided by j?
15
What is the remainder when 61 is divided by 35/(-15)*(-45)/5?
19
Suppose -724 = 6*p - 244. Calculate the remainder when (-3)/(-4 + (-314)/p) is divided by 22.
18
Let o = -236 + 240. Calculate the remainder when 9 is divided by o.
1
Let m be 3 - 2 - 2/1. Let h = 13 + m. What is the remainder when 22 is divided by h?
10
Suppose r = 3*r - 80. Suppose 0*w = -3*w + n + 30, 4*w + 4*n - r = 0. What is the remainder when (-2)/(-7) + (-786)/(-42) is divided by w?
9
What is the remainder when 111 is divided by -12 - (-28)/7 - -65?
54
Let s(j) = j**3 - j**2 - j - 21. Let w be s(0). Let n = w - -24. Let v = 9 - n. What is the remainder when 11 is divided by v?
5
Suppose 13*n - 1750 = -619. What is the remainder when 782 is divided by n?
86
Let w = 3394 + -3388. Suppose 5*v - 48 + 19 = 3*x, -9 = -3*v - x. Calculate the remainder when w is divided by v.
2
Suppose t + 3*j = -1, -2*t - 5*j = -1 + 4. What is the remainder when 3/6*t - -108 is divided by 27?
25
Suppose a + 6 = -5*z, 5*a - 6*a - 3*z + 2 = 0. Let i(m) = -m**3 + 14*m**2 - 11*m - 17. What is the remainder when a is divided by i(13)?
5
Let m = 194 + -117. What is the remainder when m is divided by 8?
5
Suppose -t = 4*t - 200. Suppose 0 = 22*f - 1599 - 1877. Calculate the remainder when f is divided by t.
38
Let d be ((-1 + 2)/2)/(1/(-8)). Suppose c + 3*a + 14 = -a, -2*a = 4*c - 14. Let x = d + c. Calculate the remainder when 5 is divided by x.
1
Suppose -70 = -4*v - 6. Let w(g) be the third derivative of g**5/30 - g**4/8 + 3*g**3/2 - g**2. Calculate the remainder when w(6) is divided by v.
15
Suppose -6*m + 3*m + 2951 = -2*w, -2981 = -3*m - 4*w. Calculate the remainder when m is divided by 76.
75
Suppose 3*x - 1333 + 70 = 0. What is the remainder when x is divided by 47?
45
Let k(w) be the first derivative of 89*w**3/3 - 2*w**2 - 3*w + 2. What is the remainder when k(-1) is divided by 23?
21
Suppose 0 = -42*r - 24*r + 10098. Calculate the remainder when r is divided by 11.
10
Suppose 3*h - 55 = 2*h. Let p(g) = -3*g + 46. What is the remainder when h is divided by p(6)?
27
Suppose -22*y + 21*y = -5. Suppose -2*m = 4*d - 28, y*d - 4*m - 4 = 44. Calculate the remainder when 12 is divided by d.
4
Let u(p) = -3*p - 17. Let h = -176 - -215. What is the remainder when h is divided by u(-7)?
3
Let i(b) = 5*b - 14. Let z be i(5). Let k = 8 - z. What is the remainder when 9 is divided by (2 - -1) + k/(-1)?
3
Let m = -4 + 18. Suppose 0 = o - 3*q - 15 - m, -5*q + 31 = 3*o. Let y(h) = -h**3 + 17*h**2 + h - 2. What is the remainder when y(o) is divided by 6?
3
Suppose -8*r = -18*r + 50. What is the remainder when 19 is divided by r?
4
Let z = 29 + 30. What is the remainder when z is divided by 40/18 - 28227/(-2619)?
7
Suppose -7*b = -8*b + 12. What is the remainder when 58 is divided by b?
10
Suppose 553*k - 544*k = 684. Calculate the remainder when k is divided by 24.
4
Calculate the remainder when 116 is divided by (11 - (5 + -3)) + 3.
8
Suppose -528 = -12*i + 204. Calculate the remainder when i is divided by (-164)/(-8) + (-5)/(-10).
19
Suppose -2*v = -40 - 18. Calculate the remainder when 123 is divided by v.
7
Let t(z) = z + 11. Let f(p) = -p**3 - 5*p**2 + 5*p - 2. Calculate the remainder when t(-5) is divided by f(-6).
2
Suppose 6*u = -2*u + 152. Suppose o + 3*a = 62, 3*a = 2*a + 2. What is the remainder when o is divided by u?
18
Let s(l) = 9*l**2 + 2*l + 1. Let y(k) = 2*k**2 + 46*k - 215. Calculate the remai